 2*t = 5 + 3. Suppose 0*i - 27 = -l + 5*i, -i + 187 = o*l. What is the units digit of l?
7
Let h(b) = 2*b**2 - 23. What is the units digit of h(-7)?
5
Let v(a) be the first derivative of -a**4/12 - a**3 - a**2 + 2*a + 2. Let k(l) be the first derivative of v(l). What is the units digit of k(-5)?
3
Let q = 45 + -20. What is the units digit of q?
5
Suppose -4*a - 2 = p, 0*p = 3*p + a - 16. Let j = -2 + p. What is the units digit of j?
4
Suppose 3 = 5*a + n - 3*n, -3*a - 4*n - 19 = 0. What is the units digit of a/6*-3*116?
8
Let x(a) = a**2 - 5*a + 4. Let q be x(5). Let y(b) = -b**3 + 3*b**2 + 5*b - 3. What is the units digit of y(q)?
1
Suppose 0 = -m - 3*w + 74, m - w = -10 + 92. What is the units digit of m?
0
Suppose 0*x = -x + 2. Suppose x*z = 5*z. Suppose 0 = -2*s - z*s + 16. What is the units digit of s?
8
Let v(r) = 4*r**2 - r + 5. Let h be v(5). Suppose -3*o = -2*i - h, -o - 4*i - 92 = -4*o. Suppose a - o = -a. What is the units digit of a?
8
Let i = 56 + -38. Suppose 0*b = 4*b + 2*j - 18, b - 4*j = -i. What is the units digit of b?
2
Suppose 5*a - 5 = -0. What is the units digit of a/(2/4) + 1?
3
Suppose -y - 46 + 107 = 0. What is the tens digit of y?
6
Let x = -79 + 186. What is the tens digit of x?
0
Let d = -4 - -1. What is the units digit of (-2)/(d*6/27)?
3
Suppose 6 - 101 = -4*m + 3*i, i = 3*m - 75. What is the tens digit of m?
2
Suppose -157 = -3*x + 74. What is the tens digit of x?
7
Suppose -4*g - 45 = -5*x, 0*g + g - 10 = -3*x. Suppose 3 = x*y - 2. Suppose 0 = -2*i + 4*j + 18, -j + y = -i + 6. What is the units digit of i?
1
Let k(x) = 2*x + 1. Let f(j) = j + 7. Let c be f(6). What is the units digit of k(c)?
7
Let r(y) = -5*y - 3. Let w(q) = -q - 1. Let h(p) = r(p) - 4*w(p). Let m be 21/(-6)*(0 + 2). What is the units digit of h(m)?
8
Let o be 9 + 0 + 2 + 0. Let r = 10 + -17. Let j = r + o. What is the units digit of j?
4
What is the tens digit of 73/1 + 2 + -4?
7
What is the units digit of 359/3 + 2/6?
0
Let p = 27 + -19. What is the units digit of p?
8
Let o be (-34)/(-9) + (-4)/(-18). Suppose -2 + 98 = o*b. Suppose 3*d - 29 = -0*d + 2*x, 4*d + x = b. What is the units digit of d?
7
Let z = -1 - -1. Let s = 0 + z. Suppose 4*q - 34 = -4*p - q, s = -2*p - 5*q + 22. What is the units digit of p?
6
Let f = 30 + -4. What is the tens digit of f?
2
Let t(i) = -i**2 - 27*i. What is the tens digit of t(-21)?
2
Let z be ((-72)/16)/(2/(-36)). Suppose 4*c = c + z. What is the tens digit of c?
2
Suppose -3*a + 13 + 119 = 0. What is the units digit of a?
4
Let c(t) = 12*t**3 - t**2 + 1. Let q be c(1). Suppose 4*y + 3*u - q = 0, -2*y + 4 + 2 = 5*u. What is the units digit of y?
3
Suppose -y - 2*y + 12 = 0. Suppose -y = -4*d, -2*l + 3*l = 5*d + 6. What is the tens digit of l?
1
Suppose 4*u - 6 = 2. Suppose 0 = -3*k + 4*i - 6, 3*k - i + 1 = -5. What is the tens digit of ((-1)/k)/(u/48)?
1
Let f(n) = 30*n**2 - n - 2. What is the tens digit of f(-1)?
2
Let h be 2 - (-3 - (-1)/(-1)). What is the units digit of ((-1)/(-2))/(1/h)?
3
Suppose -2*a = -3*k + k - 6, -5*a = -4*k - 16. Let o be 1/(2*k/(-336)). What is the units digit of (-4)/10 - o/20?
8
Suppose -1 = 4*r + 7. Suppose 3*n - 3*l + 9 = 5*n, 2*n - 3*l = -21. Let d = r - n. What is the units digit of d?
1
Suppose -5*d = -4*r, -4*d = -3*d + 3*r. Suppose -2*a = -6*a + 24. What is the units digit of d*(-2)/a - -8?
8
Let d be (-2)/11 + 90/11. Suppose 3*c + c = -d. Let k = c - -6. What is the units digit of k?
4
Let q(p) = -5 - 1 + 5*p**2 - p**3 + p + 1. What is the tens digit of q(4)?
1
Suppose -3*k + 7*y = 2*y + 4, 0 = 4*k + y - 10. Suppose 0 = -2*g + 4 + k. Suppose g*j = 10 + 2. What is the units digit of j?
4
Let h(f) = f + 2. Let d be h(-5). Let p be (-2)/d - (-35)/15. Suppose -p*c = -17 - 10. What is the units digit of c?
9
Suppose 12*x - x - 1232 = 0. What is the units digit of x?
2
Let p(x) = 8*x**3 + 6*x + 8. Let l(w) = 3*w**3 + 2*w + 3. Let j(a) = 11*l(a) - 4*p(a). Let y be j(1). What is the units digit of -1*(y + (0 - 7))?
7
Let y be ((-3)/1)/((-3)/(-4)). Let a = y + 6. What is the units digit of (7/a)/(1/2)?
7
Suppose 0 = -3*g + 20 + 286. What is the hundreds digit of g?
1
Suppose -w + 0*w + 5 = 0. Suppose -54 + 19 = -w*b. Suppose -5*k - b = -22. What is the units digit of k?
3
Let u = 115 - 64. What is the tens digit of u?
5
What is the tens digit of (6 - 2)*-1 + 45?
4
What is the units digit of 379/3 - -5*14/105?
7
Suppose 3*s - 225 = 114. What is the tens digit of s?
1
Let q(a) = a**3 + 5*a**2 - 4*a + 7. Let j be q(-6). What is the units digit of j/(9/6 + -2)?
0
Let q(u) = -5*u - 5. What is the units digit of q(-6)?
5
What is the tens digit of -3 - ((-18)/24 + 898/(-8))?
1
Let v = 6 - 4. Suppose -o + 4*o = -2*m + 79, 21 = o + v*m. What is the units digit of o?
9
Suppose w - 3 + 2 = 0. What is the units digit of (-3)/(3/w) - -11?
0
Let l(u) = 2*u**3 - 3*u**2 + u - 4. What is the units digit of l(3)?
6
Let o(n) = -67*n + 14. Let x be o(-6). What is the tens digit of (1/2)/(16/x)?
1
Let b = -161 + 180. What is the units digit of b?
9
Let r(t) = 2 - t**3 + 2 + 4*t**2 - 3*t + 2*t**3 - 2*t**2. What is the units digit of r(-3)?
4
Let l(d) = 8*d. Let n be l(2). Suppose -3*r - 5 = -5*r - 5*b, 3*r = -2*b + 24. Let j = n - r. What is the units digit of j?
6
Let n = 17 + -11. Suppose -s + n = s. What is the units digit of s?
3
Suppose 5*k - k = 32. Let u = 35 - 20. Let y = u - k. What is the units digit of y?
7
Suppose -3*v + 4 = -5. What is the units digit of -24*(4/v)/(-4)?
8
Suppose n - 5*f + 240 = 2*n, 0 = -3*n + 4*f + 682. What is the units digit of n?
0
Let m(p) = -p**3 - 4*p**2 - 3*p. Let c be m(-2). Suppose -5*u - 5*l = -55, -5*u - 2*l + 52 = -0*u. What is the units digit of (-8)/u*5/c?
2
Let n = -1 - 1. Let v(w) = 3*w**3 + 3*w**2 + 13*w - 7. Let y(l) = 2*l**3 + 2*l**2 + 9*l - 5. Let x(a) = -5*v(a) + 7*y(a). What is the units digit of x(n)?
8
Let o be -5*((-408)/(-15))/4. Let d = -20 - o. Suppose 3*l - l - d = -4*x, -l - 3*x + 9 = 0. What is the units digit of l?
3
Suppose 2*x + 7*x = 261. What is the units digit of x?
9
Suppose 0 = -3*d + 40 + 50. What is the units digit of d?
0
Suppose -74 - 163 = -3*p. What is the tens digit of p?
7
Suppose -5*k + 106 + 79 = 0. What is the tens digit of k?
3
Let v = 60 + -30. What is the units digit of v?
0
Let x(p) be the first derivative of 5*p**2/2 + 2*p + 2. Let a(u) = 6*u + 2. Let h(f) = -6*a(f) + 7*x(f). What is the units digit of h(-6)?
8
Let l(o) = -o**3 - 17*o**2 - 12*o + 9. What is the units digit of l(-17)?
3
Let v = 9 + -16. Let z(k) = -5*k - 1. What is the tens digit of z(v)?
3
Let c(k) = 9*k + 3. Let f be c(3). Let u = -15 + f. What is the units digit of 9*(-3)/u*-5?
9
Suppose 0 = 4*o + 126 - 462. What is the units digit of o?
4
Let o = -52 + 197. What is the tens digit of o?
4
Let d = -20 + 35. Suppose -5*n + 0*r + d = -3*r, n = -r + 11. What is the units digit of n?
6
Let o = -8 - -7. Let k = 1 - o. What is the units digit of k?
2
Let q be (4/16)/((-2)/(-8)). Let v(n) = -q + 3 + n + 3. What is the units digit of v(0)?
5
Let z(t) = t**3 - 5*t**2 + 3*t + 4. Let o be z(3). Let w be (o - -7)*2/2. Suppose 0*s + 3*j + 15 = w*s, -5*s + 6 = 3*j. What is the units digit of s?
3
Suppose -2*l + 0*x = 2*x - 230, 4*l - 5*x = 424. What is the hundreds digit of l?
1
Suppose 3*m = 6*x - 10*x + 84, -9 = -3*x. What is the tens digit of m?
2
Suppose j + 4*o - 136 = 0, -4*j + 460 = -7*o + 2*o. What is the hundreds digit of j?
1
Suppose 3*d + j = 3, 6*d = 3*d - 5*j - 9. Let g be 39/d*2/3. Let y = g + -8. What is the units digit of y?
5
Let h(o) = -5*o - 18. Let f be -4*4/(1 + 1). What is the units digit of h(f)?
2
Let n be (-4)/(-8) + (-9)/(-6). Suppose -2*k + 58 = 4*b, b - 44 = -n*b - k. What is the tens digit of b?
1
Let x(l) = -3*l - 4. What is the tens digit of x(-14)?
3
What is the units digit of 3 - ((-12)/2 + 3 + -97)?
3
Let w(q) = -q**3 - 7*q**2 - 6*q + 4. Let r be w(-6). Suppose -23 - r = -4*b - 3*z, 0 = 2*b + 5*z - 3. What is the units digit of b?
9
Suppose -3*a + 150 = 2*a. Suppose 10 = -5*p + 4*v, -4*p - 4*v + a = p. Let n = 4 + p. What is the units digit of n?
6
Let q(c) = 3*c**2 - 11*c + 7. Let j be q(7). What is the units digit of j/(-22)*(-1 - 1)?
7
Suppose i - 17 = -5*x, -4*x + 31 - 116 = -5*i. Suppose 5*p - i = j - 2*j, -5*j + 13 =